ommon factor of b and 8.
2
Let g(r) = 2*r + 22. Let p be g(-7). What is the highest common factor of 16 and p?
8
Suppose -7*s = -6*s - 24. Calculate the greatest common divisor of s and 12.
12
Let j be 2/6*(7 - 4). Let g be 1 + -1 + 2 + 0. Calculate the highest common divisor of j and g.
1
Let h be 1*-15*1 - 3. Let j = 36 + h. Suppose 2 = -n + j. Calculate the highest common factor of 16 and n.
16
Let w be (-4)/(-6)*-63*8/(-3). Calculate the highest common divisor of w and 16.
16
Let w(v) = -v**2 - 12*v - 3. Let x be w(-11). Let u be 5 + (2 - -2) - 1. Calculate the highest common divisor of u and x.
8
Suppose 2*m = -2*m + 48. What is the highest common divisor of m and 3?
3
Let p be (1/(-2))/(10/(-60)). What is the greatest common divisor of 12 and p?
3
Suppose l + 0*l + 2 = 0, 5*l + 90 = 5*q. Let g = 17 - q. Calculate the greatest common divisor of g and 9.
1
Let s = 2 + 22. Suppose -5*l - p = -596, -51*l = -48*l - 4*p - 376. What is the greatest common factor of l and s?
24
Let z(d) = 3*d + 0*d - 1 + 0. Let i be z(7). Calculate the highest common factor of i and 40.
20
Let a(z) = -3*z - 7. Let i be a(-7). What is the highest common factor of i and 21?
7
Let r(h) = -11*h - 10. Let v be r(-4). What is the highest common factor of v and 204?
34
Suppose -3*v + 16 = v. Suppose 5*s = v*u - 375, -u + 6*s = 5*s - 95. Calculate the highest common factor of u and 20.
20
Let z be (9 - 0)/((-6)/(-4)). Let h be (14/(-4))/((-3)/z). What is the highest common divisor of h and 7?
7
Let k = -7 + 11. Suppose 2*m - 4*m - 110 = -k*x, 5*x - m = 145. Calculate the greatest common factor of 6 and x.
6
Let j = 20 - 17. Calculate the highest common factor of j and 33.
3
Suppose -2*a = -z + a + 1, -2*z - 2*a = -26. What is the highest common divisor of z and 20?
10
Let t = -5 - -5. Suppose 0 = y - t - 2. What is the greatest common divisor of 3 and y?
1
Suppose -3*u - 44 = 5*d, u = d + 16 - 4. Let w = 31 + d. What is the greatest common divisor of w and 42?
21
Let b be -2*-428*2/(-4). Let j be b/(-14) + 6/14. Calculate the greatest common factor of j and 217.
31
Suppose 143 - 11 = i. Suppose 5*w + 48 = 4*m, 0*m - 5*w + 48 = 4*m. Calculate the highest common factor of m and i.
12
Let v be 207 - (-4)/(-4 + 3 - -3). Calculate the greatest common divisor of 19 and v.
19
Suppose 2*q - 1 = -5, q + 32 = 2*u. What is the highest common divisor of 120 and u?
15
Let d be 32 + 1 - (1 - 0). Suppose -4*s + d = -0*s. Let u(z) = 2*z**3 - 7*z**2 + 4*z - 7. Let g be u(5). Calculate the highest common factor of g and s.
8
Let i(g) = -g**3 - 16*g**2 + 14*g - 15. Let z be i(-17). What is the greatest common divisor of z and 18?
18
Suppose 3*u + 4*o = -o + 20, 22 = 2*u - o. Suppose -b + 5 = -0*b. What is the greatest common factor of u and b?
5
Let v(h) = -h**2 + 2*h - 3. Let g be v(2). Let o be 3 - (24/g)/4. Calculate the greatest common factor of 2 and o.
1
Let o be 4 + -3*110/(-15). Calculate the highest common divisor of o and 26.
26
Suppose -25 = -8*t + 3*t. Calculate the greatest common divisor of t and 55.
5
Let y be (-161)/(-6) + 9/54. Let x(r) = -r - 3. Let o be x(-6). Suppose 21 = 2*c + o. What is the highest common divisor of y and c?
9
Suppose 0 = t - 3*t + 12. Calculate the greatest common divisor of 4 and t.
2
Let u be 1 + (3 - 3 - -23). Suppose 4*p - 37 - 11 = -2*r, u = r - 3*p. Calculate the highest common factor of 6 and r.
6
Suppose 0*f = 3*f - 108. Suppose 0 = 5*x - 3 - 12. Suppose f = -x*w + 5*w. What is the highest common factor of w and 2?
2
Let w = 23 - 17. Suppose 3*g - w*g = -33. Calculate the highest common factor of g and 44.
11
Let h be 2/11 - (-1626)/11. Let m be h/(-5) - 9/(-15). Let l be 5 - m - (1 + 0). What is the highest common divisor of l and 22?
11
Let n be (3/(-6))/(3/(-180)). What is the highest common divisor of n and 10?
10
Let r be (-2)/3 + 1110/(-9). Let a = r + 259. Calculate the greatest common divisor of a and 15.
15
Let m be -4 + (-1 - (0 + -3)). Let y = m - -4. Let v be (-2)/3*(y + -5). Calculate the highest common divisor of v and 1.
1
Suppose -3*b = -5*b + 6. Let t be (0 - (-106 + -1)) + 1. Suppose v = b*v - t. What is the greatest common factor of v and 36?
18
Let l(q) = -51*q + 61. Let c(x) = -10*x + 12. Let h(n) = -11*c(n) + 2*l(n). Let u be h(4). What is the greatest common factor of u and 2?
2
Suppose 2*k = -3*k. Let a be (k - 2/(-2))*10. What is the greatest common factor of a and 5?
5
Suppose -3*k - 235 = -865. Calculate the highest common factor of 30 and k.
30
Suppose 6*u = 3*u + 15. Let x be (-74)/(-4) + u/(-10). Let z = 123 - 51. Calculate the greatest common divisor of x and z.
18
Let a(k) = 17*k**2 - 17*k - 48. Let l(w) = -4*w**2 + 4*w + 12. Let j(h) = -2*a(h) - 9*l(h). Let i be j(5). What is the highest common divisor of i and 4?
4
Suppose -4*u - 15 = k, -2 = -5*k - 5*u - 32. Let y(f) = f**2 - 1. Let n be y(k). What is the greatest common factor of 88 and n?
8
Suppose 2*n - 16 + 4 = -4*q, 4*q - 12 = 5*n. Let b = 9 - n. Let v be 2*(-2 - -4)*b. Calculate the highest common factor of v and 24.
12
Suppose 3*u = -u + 3*y - 24, -5*u + y - 30 = 0. Let b be 20/u*(-21)/2. Calculate the highest common factor of 14 and b.
7
Let k be ((-23 - -4) + 1)/(5 - 7). Suppose -5 = -4*y + 139. What is the greatest common divisor of y and k?
9
Suppose -5*v = 2*v - 35. What is the greatest common factor of v and 55?
5
Suppose 5*m - 2*m = -27. Let g = 15 + m. Calculate the greatest common divisor of g and 30.
6
Suppose -7*q + 12*q = 210. Calculate the greatest common factor of 6 and q.
6
Let w(y) = 145*y**2 - 1. Let f be w(-1). Suppose -m - m + f = 0. Calculate the greatest common divisor of m and 9.
9
Let i(u) = -u**2 - 2*u + 272. Let n be i(0). Calculate the highest common divisor of 34 and n.
34
Let l(r) = 2*r**2 - 10*r + 11. Let h be l(6). What is the highest common divisor of 69 and h?
23
Suppose 2 = z - 11. Let m = z + 11. Let b = -15 + m. What is the greatest common divisor of b and 45?
9
Let i be (-2 + -38)/(10 + -12). What is the greatest common divisor of 5 and i?
5
Let k(h) = -h**2 + 3*h. Let t be k(4). Let c = 0 - t. Suppose -128 = -q - 3*q. Calculate the highest common divisor of c and q.
4
Let o be -3 + (982/2 - -3). Suppose 4*f - o = -191. Calculate the highest common factor of 25 and f.
25
Let w = -4 + 13. Let g be (-240)/w*6/(-4). Suppose 0*i = -4*i + g. What is the greatest common factor of i and 30?
10
Suppose -5*l + 629 = 29. Suppose 0 = -2*w - 0*w + 30. What is the highest common divisor of w and l?
15
Let q(m) be the first derivative of -m**4/4 + m**3 - m**2/2 - 1. Let k be q(3). Let l be (-4)/(k/66*1). What is the highest common factor of 8 and l?
8
Suppose -3*l = 2*i - 25 - 20, -l - i = -14. Let v(j) = j**2 - 2*j + 2. Let o be v(-3). Calculate the greatest common divisor of l and o.
17
Let h be 5 - 7 - (-23 - 0). Calculate the highest common divisor of h and 3.
3
Suppose 5*w - 4*f = 29, 3*w = w + 2*f + 12. Suppose -5*r + 13 = y, -5*r - 37 = -w*y - 2*r. What is the highest common factor of y and 4?
4
Suppose -t + 5*n + 5 = 0, 3*n - 43 = -2*t - 2*t. Let p be 178/t - (-7)/35. What is the highest common divisor of 18 and p?
18
Let o be (-82)/(-7) + 4/14. Let a = 30 - o. Calculate the greatest common divisor of a and 72.
18
Let f be 0 - -7 - (4 - 6/3). Calculate the greatest common factor of 35 and f.
5
Let n(v) = -v**2 - 4*v + 4. Let x be n(-4). Let f be x + (-4)/(16/(-12)). Calculate the greatest common divisor of 1 and f.
1
Let v be -2 + 3 - (-69)/3. What is the highest common factor of v and 240?
24
Let l be (-2152)/(-14) + (-6)/(-21). What is the greatest common factor of 22 and l?
22
Let r = -2 + 3. Let j be (r/(-3))/(-1)*6. Suppose u - 4 = -2*t, -4*u + j*u = -4*t + 16. What is the highest common factor of t and 33?
3
Let c = 112 + -72. Let p be 3 + c + 4/2. Calculate the greatest common factor of 5 and p.
5
Let v = -135 - -148. Calculate the highest common divisor of 169 and v.
13
Let o(f) = -f**3 + 3*f**2 + 6*f + 1. Let y be o(4). Let g be (-1)/(14/(-6) + 2). Suppose g*h - 315 = -2*h. What is the greatest common factor of y and h?
9
Suppose 19*g - 59 = 264. Let t be (118 - -1) + (-1 - -1). What is the greatest common divisor of g and t?
17
Let z(l) = 24*l - 4. Let j be z(3). What is the highest common factor of j and 